*g**2 + 48*g - 24. Determine j(4).
-2536
Let m(h) = -5*h**2 - 449*h - 564. Calculate m(-88).
228
Let i(s) = 57*s**3 + 3871*s**2 - 353*s - 866. Determine i(-68).
18
Let f(m) = m**3 + 69*m**2 + 231*m + 15886. What is f(-69)?
-53
Let y(w) = w**2 - 608*w + 57871. Give y(119).
-320
Let b(o) = -233*o**2 + 890*o - 16. Give b(4).
-184
Let g(j) = -478*j**2 + 99427*j - 628. What is g(208)?
-4
Let z(d) = 3119*d + 30455. Determine z(-11).
-3854
Let r(v) = 171*v**2 + 20*v - 57. Determine r(0).
-57
Let y(a) = -a**2 - 260606*a - 13027798. Give y(-50).
2
Let w(y) = -6*y**3 - 426*y**2 + 160*y + 11361. Calculate w(-71).
1
Let j(s) = 2*s**3 - 30*s**2 + 127*s - 1910. Determine j(15).
-5
Let t(j) = 10*j + 1668. What is t(-13)?
1538
Let r(s) = -2*s**2 + 5836*s - 213208. Calculate r(37).
-14
Let s(q) = -q**2 + 1817*q - 36289. Give s(20).
-349
Let d(r) = -2685*r + 10873. What is d(4)?
133
Let c(b) = -3*b**3 + 94*b**2 - 54*b - 146. What is c(31)?
-859
Let t(g) = 469*g + 6658. What is t(-14)?
92
Let u(j) = -59*j**2 - 1734*j - 10404. Determine u(-6).
-2124
Let f(d) = 14093*d + 27846. What is f(-2)?
-340
Let m(t) = -1333*t + 26329. Determine m(20).
-331
Let o(d) = d**3 + 192*d**2 - 1394*d - 142. What is o(-199)?
57
Let d(v) = -151*v**2 - 2558*v - 8. Determine d(-17).
-161
Let f(k) = 2607*k + 258089. What is f(-99)?
-4
Let b(d) = -d**3 + 116*d**2 + 2527*d - 720. Calculate b(-19).
2
Let p(l) = 45068*l - 270952. Give p(6).
-544
Let j(d) = 2*d**2 - 35*d - 13571. Determine j(92).
137
Let d(x) = -x**3 - 33*x**2 + 131134*x - 145. Determine d(346).
-145
Let c(r) = -r**2 - 67391*r - 471682. Determine c(-7).
6
Let t(m) = -m**3 - 20*m**2 + 307*m + 249. What is t(-30)?
39
Let s(t) = -18*t**2 + 431*t + 935. Calculate s(-2).
1
Let h(y) = -2*y**2 + 886*y - 3541. Calculate h(4).
-29
Let k(g) = 521*g + 2765. Give k(-5).
160
Let n(y) = -y**3 - 233*y**2 - 10150*y - 16. Determine n(-175).
-16
Let k(d) = 11585*d - 34735. Give k(3).
20
Let p(o) = -o**3 - 4*o**2 + 162*o + 21. What is p(0)?
21
Let u(n) = -223787*n + 1118926. Give u(5).
-9
Let j(p) = -115422*p + 461754. Determine j(4).
66
Let a(d) = -1161*d**2 + 2346*d + 10. Determine a(2).
58
Let b(m) = -5733*m + 86053. Give b(15).
58
Let t(u) = u**2 + 458203*u - 3207465. Give t(7).
5
Let y(s) = 145*s**3 + s**2 - 148*s + 425. What is y(3)?
3905
Let f(k) = -5953*k - 4184960. Determine f(-703).
-1
Let q(x) = 3861*x + 43646. What is q(-12)?
-2686
Let d(s) = 6*s**3 + 26*s**2 + 33*s + 25. Determine d(-6).
-533
Let r(h) = -h**2 + 67*h - 520. Calculate r(51).
296
Let z(b) = -207*b**2 + 47398*b + 1140. Give z(229).
-5
Let a(c) = 2*c**3 - 14*c**2 + 5541*c - 44312. What is a(8)?
144
Let z(m) = -5*m**3 + 3460*m**2 + 3581*m - 80385. What is z(693)?
3
Let b(d) = 2*d**2 + 73*d - 2127. Determine b(-52).
-515
Let x(r) = -r**2 + 9575*r + 95828. What is x(-10)?
-22
Let s(z) = -199*z + 105081. Give s(528).
9
Let m(h) = 2*h**2 - 127*h + 1240. Calculate m(50).
-110
Let g(c) = 109161*c - 21177240. Determine g(194).
-6
Let b(x) = -5008*x - 5062. Give b(-1).
-54
Let s(l) = l**3 - 74*l**2 - 43*l + 8730. Give s(73).
262
Let o(v) = -25*v - 2909. Determine o(-99).
-434
Let h(a) = 13*a**2 - 447*a + 6846. Give h(22).
3304
Let k(n) = 2*n**2 - 122*n + 3231. Calculate k(29).
1375
Let v(h) = 321126*h + 5459183. Determine v(-17).
41
Let b(u) = 2*u**3 + 15*u**2 + 62*u + 22. Give b(-6).
-242
Let v(m) = -4878*m - 47966. What is v(-10)?
814
Let k(r) = -325*r**2 - 1335*r + 1339. Calculate k(1).
-321
Let t(s) = -63*s**2 - 20805*s - 4934. Give t(-330).
16
Let q(v) = 1683*v + 112775. Give q(-67).
14
Let x(g) = -1220*g + 94758. Give x(78).
-402
Let m(f) = -2*f**3 + 55*f**2 - 35*f + 8. Calculate m(27).
-208
Let g(x) = 1837*x - 64800. What is g(37)?
3169
Let k(a) = 325*a**2 - 2002*a + 321. Calculate k(6).
9
Let o(g) = -2*g**3 + 180*g**2 + 115. Determine o(90).
115
Let g(s) = -2*s**2 + 50*s + 702. Determine g(-10).
2
Let s(x) = -3*x**2 - 4119*x + 57863. Calculate s(14).
-391
Let n(w) = -2388*w - 415504. Give n(-174).
8
Let m(q) = -q**3 - 120*q**2 - 121*q + 318. Determine m(-119).
556
Let b(k) = -9490*k - 635862. Give b(-67).
-32
Let z(a) = a**3 + 3*a**2 + 1144*a + 3445. Determine z(-3).
13
Let f(p) = -1403*p + 27246. Determine f(20).
-814
Let j(y) = -132*y**2 - 84*y + 17. Give j(-8).
-7759
Let h(t) = -732*t + 185922. Calculate h(254).
-6
Let i(j) = -j**3 + 53*j**2 - 680*j - 239. Calculate i(23).
-9
Let z(m) = -5286*m - 79317. Calculate z(-15).
-27
Let x(v) = v**3 - 57*v**2 + 898*v - 2519. Give x(24).
25
Let x(o) = -305362*o - 2748284. Determine x(-9).
-26
Let o(n) = -n**3 + 72*n**2 - 104*n + 2300. Determine o(71).
-43
Let s(l) = -28*l**3 + 20*l**2 - 4324*l + 4322. What is s(1)?
-10
Let s(w) = 41574*w - 2910166. Calculate s(70).
14
Let w(g) = -6046*g + 253939. Give w(42).
7
Let w(q) = q**3 - 113*q**2 + 234*q - 39443. Determine w(114).
229
Let s(n) = -n**2 + 12*n + 2905. Determine s(61).
-84
Let s(a) = -11*a**2 + 8358*a - 1352870. Give s(526).
2
Let o(r) = 160772*r + 1125412. Determine o(-7).
8
Let a(m) = 25*m**2 - 845*m - 5951. Give a(-7).
1189
Let r(s) = 155021*s + 465033. Calculate r(-3).
-30
Let f(l) = 39*l**2 - 979*l + 3425. Calculate f(21).
65
Let u(x) = 32*x**3 + 562*x**2 - 305*x - 962. Give u(-18).
-8
Let v(q) = q**3 - 56*q**2 - 1443*q + 80810. Determine v(56).
2
Let t(s) = s**3 - 8*s**2 - 547*s + 5725. What is t(11)?
71
Let x(k) = k**3 + 74*k**2 + 364*k + 218. What is x(-69)?
-1093
Let v(s) = 4*s**3 + 867*s**2 - 3755*s + 444. Determine v(-221).
2
Let v(w) = 24*w**2 + 842*w + 96. Calculate v(-35).
26
Let o(h) = -186*h + 219848. Calculate o(1182).
-4
Let u(f) = 9*f**3 - 122*f**2 - f - 149. What is u(14)?
621
Let b(z) = 7*z**3 + 136*z**2 - 1005*z - 20172. Give b(-19).
6
Let u(x) = 4791*x + 771350. Determine u(-161).
-1
Let j(u) = 2490*u + 25644. Determine j(-10).
744
Let w(j) = -10*j**2 + 1772*j - 1723. Calculate w(177).
-1369
Let v(d) = d**3 - 86*d**2 - 1628*d - 379. Calculate v(102).
29
Let q(c) = c**3 - 374*c**2 + 8*c + 7. Determine q(0).
7
Let o(l) = -l**3 + 6*l**2 - 643*l - 5131. Give o(-7).
7
Let t(y) = 85500*y**2 + 85522*y + 27. What is t(-1)?
5
Let t(b) = b**3 + 26*b**2 - 126*b - 2871. Determine t(-23).
1614
Let y(g) = 21*g**3 - 215*g**2 + 238*g + 7. Calculate y(9).
43
Let c(d) = 2*d**3 - 23*d**2 + 97*d - 911. What is c(11)?
35
Let d(b) = 11*b**2 - 4083*b - 20467. Calculate d(-5).
223
Let g(y) = -433*y - 644. What is g(-2)?
222
Let v(w) = -1033*w + 48146. Give v(48).
-1438
Let i(w) = -w**3 + 2*w**2 - 5*w + 13. Calculate i(9).
-599
Let c(f) = 3*f**2 + 281*f - 208. What is c(0)?
-208
Let u(k) = -2436*k - 151068. Calculate u(-62).
-36
Let d(o) = -2422*o + 21621. Give d(10).
-2599
Let t(w) = w**3 + 7*w**2 - 20*w - 44. Give t(-7).
96
Let s(o) = -7336*o + 308100. Calculate s(42).
-12
Let u(j) = -3*j**2 + 159337*j - 318671. Give u(2).
-9
Let c(n) = 64*n**3 + 377*n**2 - 52*n - 54. Calculate c(-6).
6
Let i(z) = -5*z**2 - 1024*z - 8122. Calculate i(-8).
-250
Let f(r) = 3*r**2 - 1102*r + 93817. What is f(134)?
17
Let q(a) = 2*a**2 + 573*a + 13081. Calculate q(-25).
6
Let q(o) = o**2 + 13*o - 6636. Determine q(69).
-978
Let c(w) = -3*w**2 - 123*w - 939. Give c(-11).
51
Let w(n) = -1064*n + 309669. Calculate w(291).
45
Let c(m) = -901*m + 10952. What is c(7)?
4645
Let j(i) = 3463*i + 65788. What is j(-19)?
-9
Let z(w) = 32247*w - 225684. What is z(7)?
45
Let r(p) = p**3 - 58*p**2 + 143*p - 1688. What is r(56)?
48
Let u(m) = -m**3 + 68*m**2 - 83*m + 354. Give u(67).
-718
Let z(s) = -7896*s - 2700392. Calculate z(-342).
40
Let v(c) = 23547*c - 188395. What is v(8)?
-19
Let u(h) = -1315*h - 15012. What is u(-11)?
-547
Let p(z) = -7*z**2 + 16*z + 126. Calculate p(-7).
-329
Let m(f) = 2418*f - 490. Determine m(0).
-490
Let b(f) = -f**2 - 494*f - 45333. Calculate b(-122).
51
Let t(f) = -2*f**3 - 62*f**2 - 551*f - 60. Determine t(-11).
1161
Let b(s) = 6510*s + 71628. Give b(-11).
18
Let h(a) = -25*a**3 - 1802*a**2 - 124*a - 242. What is h(-72)?
-1682
Let m(u) = 17*u**2 + 136*u + 976. What is m(-6)?
772
Let o(j) = -178*j + 10343. What is o(60)?
-337
Let h(u) = 87*u**2 + 1353*u + 4065. Calculate h(-3).
789
Let q(s) = -s**2 - 182*s + 7715. Calculate q(33).
620
Let a(i) = 63*i**2 - 354*i - 54. Determine a(8).
1146
Let o(l) = l**2 + 73*l - 25. Give o(-2).
-167
Let z(n) = n**2 - 70*n + 993. Determin